 the third derivative of r**5/60 + r**4/12 - r**3/2 - 3*r**2. Calculate m(-3).
0
Let z(q) be the second derivative of q**5/20 - 5*q**4/12 - 5*q**3/6 + 3*q**2/2 + 2*q + 7. Let o be (-9)/((-3)/2 + 0). What is z(o)?
9
Let n = -16 - -4. Let q be (6/n)/((-2)/20). Let y(k) = 0*k - 2 + q + 2*k. Give y(-2).
-1
Let l(y) be the second derivative of y**5/20 - y**4/12 + y**3/3 - 3*y**2/2 - y. Suppose -5*u + 22 = 2*p - 7, -5*u = 4*p - 33. Calculate l(p).
5
Let q(i) = i + 66 + 69 - 2*i - 134. What is q(4)?
-3
Let v(k) be the first derivative of k**6/360 - k**5/30 + k**4/12 + k**3/3 - 4. Let r(t) be the third derivative of v(t). Give r(4).
2
Let u be (-2)/6 - (-23)/(-3). Let c be (-33)/4 + (-2)/u. Let b be 9/(-12) + (-30)/c. Let m(n) = -2*n + 1. Determine m(b).
-5
Suppose 20 = 5*z + 5. Let q(p) = 0 + 6 - p**z + 5*p + 0*p + 4*p**2. Give q(5).
6
Let n(f) = 3*f + 15. Let s be n(-6). Let i be (-3)/s - 15/(-3). Let r(c) = c**2 - 6*c + 8. What is r(i)?
8
Let u(a) be the second derivative of -a**6/120 - a**5/60 - a**4/24 + a**3/3 - 3*a**2/2 + 2*a. Let l(w) be the first derivative of u(w). Calculate l(0).
2
Let c(a) = a**3 - 4*a**2 + 2*a - 3. Let n(h) = 2*h**2 + h - 3. Let b be n(-3). Suppose -6*k + b = -3*k. Calculate c(k).
5
Let k(w) be the third derivative of -3*w**4/8 + 25*w**2. Suppose 0*g + 4 = -4*g. What is k(g)?
9
Suppose 5*p = 4*n + p, -5*n + 36 = 4*p. Suppose -7 = n*h + 13. Let s(v) = v**3 + 4*v**2 - 6*v + 1. What is s(h)?
6
Let c(l) be the first derivative of -l**4/4 - 2*l**3/3 + 5*l**2/2 - 2*l + 9. Suppose -6 = 3*r - 3*h, h = -r + 3*r + 6. Determine c(r).
10
Let w(y) = -y + 8. Let s(a) = a + 5. Let h be s(0). Let c be w(h). Let m be c/4 - 18/(-8). Let p(o) = 2*o**2 - 5*o + 4. Determine p(m).
7
Let s(x) = x**2 + x + 1. Let z = 11 - 6. Let k = z + -6. Give s(k).
1
Let p be (-39)/12 + 4 + (-5)/(-20). Let w(t) = t**2. Determine w(p).
1
Let t be (-3)/(-6)*(4 + 0). Let i = 1 + t. Let w(d) = 2*d**2 - d + d**3 + 2*d - 2*d**3. Calculate w(i).
-6
Let t(s) = -5 + 3 + s**3 + 5 - 4*s. Suppose g + 3*g = -3*q - 10, 5*g + 28 = 4*q. Give t(q).
3
Let n(r) = 5 - 3 - 3 - 4 - 6*r**2 + r**3. Give n(6).
-5
Let r(z) = 20*z**3 + 3*z + 3 + 2*z**2 - 21*z**3 + 1. Let n = -8 + 24. Suppose 4*b + 4 = n. Calculate r(b).
4
Let v = 4 - 3. Let k(y) = 3*y - y**3 - 11*y**2 + v + 9*y**2 + 0*y. Let q be (-4)/(-14) + (-16)/7. Give k(q).
-5
Let g(b) = -b**3 + 6*b**2 - 5*b + 6. Let k be 0/1 - (-6 - -1). Calculate g(k).
6
Let o = -6 - -8. Let m(b) = 2*b**2 - 2*b**3 + 5*b**2 - 4*b**o - 3*b. Calculate m(2).
-10
Let q(n) be the third derivative of 7*n**4/12 + n**3/2 + 3*n**2. Let b(j) = -43*j - 10. Let d(h) = -2*b(h) - 7*q(h). What is d(1)?
-13
Let o(h) = h**3 - 6*h**2 + 4*h - 1. Let n be o(5). Let m(l) = l + 1. Determine m(n).
-5
Let r be (-1)/((-4)/60*-3). Let t(v) = -v + 3. Give t(r).
8
Let z(l) = l**2 + 0*l**2 + 4 - 1 - 5 + l. Suppose 5*r = 3*r. Determine z(r).
-2
Let w(i) be the first derivative of -i**4/4 - i**3/6 - i**2/2 + 3*i + 1. Let c(z) be the first derivative of w(z). Calculate c(-2).
-11
Let a(i) = -i**2 - 8*i + 3. Let s(h) = -h**2 - h + 1. Let t(y) = 5*y**2 - 2*y - 5. Let p(m) = -4*s(m) - t(m). Let k be p(7). What is a(k)?
15
Let b(k) = -5*k + 2. Let j(f) = -4*f + 2. Let v(u) = -3*b(u) + 4*j(u). What is v(-6)?
8
Let g(l) = 6*l - 31. Let p(x) be the third derivative of 0 + x**3 + 0*x - 2*x**2 - 1/24*x**4. Let j(o) = 2*g(o) + 11*p(o). Calculate j(-2).
2
Let q(g) = -22*g - 3 + 9*g + 15*g. Calculate q(4).
5
Let s(o) = -2*o**2 - 2*o - 28. Let w(r) = 3*r**2 + 3*r + 42. Let a(u) = -7*s(u) - 5*w(u). Give a(0).
-14
Let c(g) = g**2 - 4*g - 4. Let q be c(5). Suppose 3*j + 12 = 0, 0 = 4*o + 3*j + q + 7. Let l(s) = -5*s**3 - 1 + 2*s + 7*s**3 + 4*s**3. Give l(o).
7
Let y(m) be the third derivative of -m**5/120 + m**4/12 - 7*m**3/6 + 2*m**2. Let f(d) be the first derivative of y(d). What is f(5)?
-3
Let r(c) = c - 4. Let y be r(7). Suppose y*f - g + 21 = -f, -f - 5*g = 0. Let w(u) = -u - 3. Give w(f).
2
Let z(v) = -v**3 - 7*v**2 + 10*v + 11. Let u be z(-8). Let k(x) = x**3 + x - 2 + 3*x + 6*x**2 + 2*x. Give k(u).
-7
Suppose 4*h + 2 = -10. Let o(q) = -2*q**2 - 2*q. Determine o(h).
-12
Let p be (-11 + -1)*(-2)/6. Suppose 4 = -3*m - p*n, 0 = 2*m - 5*m + 2*n - 16. Let x(w) = w**2 + 6*w + 1. Give x(m).
-7
Let h(s) be the second derivative of -s**5/20 - s**4/12 - s**2 + s. Let n be (3/9*0)/(-2). Determine h(n).
-2
Let t(b) be the third derivative of -b**5/60 + b**4/4 + b**3/6 + 5*b**2. Calculate t(5).
6
Let x(a) be the second derivative of a**5/20 - a**4/12 - a**3/3 - 2*a. What is x(-2)?
-8
Let y be 1/(1/4) - -1. Suppose 4*m - u = -3 - 24, 3*m + 33 = y*u. Let s(w) = w**3 + 5*w**2 - 7*w. Give s(m).
6
Let h(g) = -g**3 + 7*g**2 - 2*g - 8. Let j(c) = c**3 - 12*c**2 + c - 6. Let a be j(12). Determine h(a).
16
Let q(o) = 4*o**2 + 2*o + 2. Let u(r) = -r**2. Let a(x) = q(x) + 3*u(x). Calculate a(-2).
2
Let a(r) be the first derivative of r**3/3 - 1. Let i be -5 + (3 - 0 - 3). Let k be i/2 + 5/(-10). What is a(k)?
9
Let g(w) be the third derivative of 0 - 1/12*w**4 - 2/3*w**3 + 3*w**2 + 0*w. Let u be (0 + 3)*5/(-3). Give g(u).
6
Let s(f) = 4 + 2*f + 3*f - 6*f. Suppose 0 = -t + 7*y - 3*y - 16, 4*t + 4 = -4*y. Give s(t).
8
Suppose 0 = 5*u - 10*u - 4*z - 19, -5*z = -20. Let b = u + 4. Let w(j) = -j + 2. Determine w(b).
5
Let z(p) be the first derivative of -p**3/3 - 4*p**2 - 8*p - 1. Determine z(-7).
-1
Let z(n) = -n**3 - 8*n**2 - 7*n + 6. Let h be (-7)/((-3)/(-12)*4). Calculate z(h).
6
Let c(y) = y**2 + 15*y + 15. Let a(v) = -v. Let t(o) = 3*a(o) + c(o). Determine t(-10).
-5
Let z(r) = -4*r - 2 - r**3 + 3*r**3 + 3*r**2 + 10*r + 3*r**3. Let k(h) = 14*h**3 + 8*h**2 + 18*h - 5. Let w(l) = 6*k(l) - 17*z(l). What is w(-4)?
-4
Let o(q) be the second derivative of q**5/20 + q**4/4 - 7*q**3/6 - 3*q**2 + 9*q. Give o(-4).
6
Let k(m) be the first derivative of -m**3/3 + 15*m**2/2 - 19*m + 4. Let a be k(14). Let n(g) = -g**3 - 5*g**2 - 1. Calculate n(a).
-1
Let q(o) be the first derivative of o**4/4 - o**3 + o - 10. Suppose 0*x = -4*x - 4*n - 40, -10 = -x + 3*n. Let y = x - -8. Calculate q(y).
1
Let l(z) = 2*z - 3. Let c be ((-2)/6)/((-11)/(-66)). Let d be (-5)/c + 1/(-2). Determine l(d).
1
Let v(h) = -h**3 - 8*h**2 - 5*h + 8. Let f be (-1)/5 + (-22)/(-10). Suppose 26 = -5*r - 3*o, 3*r + 14 + 1 = -f*o. What is v(r)?
-6
Let s = 211/1608 - 6/67. Let j(h) be the third derivative of 1/60*h**6 + 0*h**3 + 0*h + 2*h**2 + 1/20*h**5 + 0 + s*h**4. What is j(-2)?
-6
Suppose -j - 10 = 5*c - 5*j, -12 = 4*c - 4*j. Let f(l) = 2 + 0*l - c*l - 1 + 5*l. Determine f(1).
4
Let q(o) = -o**2 + 5*o + 3. Let r = 49 - 42. Calculate q(r).
-11
Let d(v) be the second derivative of -v**3 - 2*v**2 + 2*v. Let b(s) = s + 1. Let m(c) = -5*b(c) - d(c). Suppose -4*r = h - 12, -h + 4*h = r - 3. Calculate m(h).
-1
Suppose 5 = 3*n - b, -15 = -n - 0*n - 3*b. Let z(q) = q**3 - 8*q**2 - 9*q + 2. Let t be z(9). Let k(y) = -y + y - y + t + n*y. Calculate k(-6).
-10
Let j(m) = -9*m. Suppose -6*x - 4 = -8*x. Suppose 0 = 3*u + 4*f + 15, f = -5*u + x*u - 6. Determine j(u).
9
Let g = 5 - 2. Let p(w) = w**3 + 5*w**2 - 7*w - 8. Let f be p(-6). Let y be 1/(-2) + g/f. Let d(u) = 2*u**2 + 2*u. Calculate d(y).
4
Let g(r) = 4*r + r**2 + 2 - 2*r**2 - 1. Give g(4).
1
Let v(b) = -15*b**3 - 2*b**2 - b. Let d be 1/((-6 - -4) + 1). Determine v(d).
14
Let l(a) = 4*a + 4. Let t = 2 - 0. Suppose 0 = -t*b + 3*b. Suppose -12 = 4*n - b. Determine l(n).
-8
Let y(s) = -2*s + 1 + 2*s**3 + 4*s**3 - 5*s**3 + s**2. Suppose 5*b = -4*w - 2, -3*w = -0*b + 5*b - 1. Calculate y(w).
-11
Suppose 10*o = 7*o - 3*k - 3, -5*k - 41 = -4*o. Let a(j) be the first derivative of j**3/3 - 3*j**2 + 4*j + 1. Calculate a(o).
-4
Let a(d) = -d**3 + 5*d**2 + 2*d - 3. Suppose 27 = 5*x + 7. Suppose c - 3*c + 8 = x*s, 6 = 3*s - 5*c. Suppose -s*y - 4 = -14. Give a(y).
7
Let k(c) = -c**3 - 2*c**2 + c - 4. Let v be k(-3). Let s(r) = r**3 - v*r**2 - 1 - 5*r + 4*r + 0. Suppose -6 - 2 = y - 5*z, 2*y = 2*z. Calculate s(y).
-3
Let q(n) = n**2 - 4*n + 4. Let d = 0 + 4. Give q(d).
4
Let h(y) = -y**3 + 6*y**2 - 5*y - 5. Let j(m) = -m**2 - 8*m - 5. Let v be j(-8). Let n be 6/v*100/(-3). Suppose 5*x - x = 4*q + n, 4*x + q = 15. Determine h(x).
-5
Let k(r) = -r**3 + 9*r**2 + 4*r + 8. Let n(m) = 2*m**3 - 19*m**2 - 9*m - 17. Let q(u) =